of z and i?
24
Suppose 0 = 4*d + 3*t - 20, 3*d - 15 = 4*t - 3*t. Let u = 64 - 54. What is the highest common divisor of d and u?
5
Let c be (-14)/(-8)*(-5)/(-10)*8. What is the highest common factor of c and 63?
7
Let c be (-4)/(-6)*(-747)/6. Let p = c + 131. Calculate the greatest common factor of p and 72.
24
Let n = -112 + 272. Suppose -2*u + 6*u = n. Calculate the highest common divisor of 20 and u.
20
Let b be ((-2)/7)/((-9)/63). Suppose 3*y - 2 = -b*s + 12, -7 = -s + 3*y. Calculate the highest common factor of 77 and s.
7
Let a = 0 - 0. Suppose 0 = -4*w - 4*l + 96, 3*l = -2*w - a + 48. Calculate the highest common factor of w and 60.
12
Suppose 187*w = 190*w - 198. What is the highest common divisor of 6 and w?
6
Let x = -128 - -182. Let v = x + 18. Calculate the highest common divisor of 12 and v.
12
Let j = 21 + -12. Calculate the highest common factor of j and 63.
9
Suppose 4*i = i - 18. Let k(c) = -5*c - 3. Let a be k(i). Calculate the greatest common divisor of a and 9.
9
Suppose 0 = -3*b + 4*s + 37 + 69, 0 = b - s - 34. Calculate the greatest common divisor of b and 10.
10
Let m = 20 + -33. Let u be (0 - m) + (19 - 19). Calculate the highest common divisor of u and 65.
13
Let y(z) = 28*z - 2. Suppose -5*p + 3*p + 5*d = 17, -4*p + 3*d + 1 = 0. Let u be y(p). Calculate the highest common factor of 10 and u.
10
Suppose 0 = -4*a - 21 + 1429. What is the greatest common divisor of a and 32?
32
Let s be (32/40)/((-1)/45). Let c = s - -60. What is the greatest common factor of 36 and c?
12
Let k(n) be the third derivative of n**5/10 - n**4/24 - n**3/6 - n**2. Let j be k(-1). Calculate the greatest common divisor of 2 and j.
2
Suppose -5*l + l = 0. Suppose l = -3*w + 2*x + 66, 3*w - x = 3*x + 60. Calculate the highest common divisor of w and 60.
12
Suppose 8 = -0*p + 2*p. Let o be 0 + 0 + 5 + -6 + 2. What is the greatest common factor of p and o?
1
Suppose 4*v - 5*p = 23, -v + 3*p + 0*p + 11 = 0. Let s be 3/(-3) - (-62)/v. Calculate the greatest common divisor of 45 and s.
15
Let w(c) = 4*c - 3. Suppose 0*s + s = 2*x + 1, -3*x = -9. Let m be w(s). What is the highest common divisor of 5 and m?
5
Suppose 2 + 4 = j. Suppose j*p - 4*p = 270. Suppose -19 = -2*u + p. What is the greatest common factor of u and 7?
7
Let t(k) = -6*k - 9. Let f be t(-4). Calculate the greatest common factor of 165 and f.
15
Let a(x) = x**2 + x. Let t be a(3). Suppose -5*h + 6*h = 30. What is the highest common factor of h and t?
6
Let d(x) = 2*x**3 - 24*x**2 + 3*x - 12. Let j be d(12). What is the highest common divisor of j and 16?
8
Let m = -33 - -35. Calculate the highest common factor of 2 and m.
2
Let q(h) = 6*h**2 - h + 4. Let o be q(-4). Let b = o + 112. Calculate the highest common factor of 27 and b.
27
Suppose -3*d + 5*n = -16, 5 = -3*d + 4*n + 22. Calculate the highest common divisor of 56 and d.
7
Suppose 2*m + 4 = 4*k - 0, 2*k - 8 = -2*m. Suppose 4*t + 0*p - 34 = k*p, 4*p = -t - 14. Calculate the greatest common divisor of 54 and t.
6
Let h(n) = 7*n**2 - 2*n - 4. Suppose 5*w - 5 = -20. Let u be h(w). Let m = 34 - 21. Calculate the highest common divisor of m and u.
13
Let h = -9 - -33. Calculate the highest common factor of h and 12.
12
Suppose 46 = -3*p - 2*h, 23 = -2*p - 5*h - 15. Let x be 4/(-14) + (-18)/p. Let s be (-3)/(-1*x/6). Calculate the highest common divisor of 9 and s.
9
Let j(r) = r**2 + 8*r - 13. Let i be j(-10). Let h be 7 + 4/6*-3. Suppose 0 = -h*d - 23 + 58. What is the highest common divisor of d and i?
7
Let x be (-4)/2 - (-1 + -13). Let l(f) = -f**2 + 5*f + 30. Let h be l(0). What is the highest common divisor of x and h?
6
Suppose -5*d - 32 = -2*p - 0*d, 0 = -3*p - 5*d - 2. Let f be ((-24)/3)/((-4)/p). Calculate the greatest common divisor of 36 and f.
12
Let d be 14/44*34 + (-14)/(-77). Calculate the greatest common factor of d and 187.
11
Suppose v + 3*t - 4*t + 2 = 0, -5*t + 25 = 0. What is the highest common factor of 1 and v?
1
Suppose -17 = -d + 12. Suppose 5*s - 21 - d = 0. Let c(h) = -h**3 + h**2 - 2. Let m be c(-2). Calculate the highest common divisor of s and m.
10
Let j(b) = 3*b. Let u be j(-2). Let r(t) = -t**3 - 2*t**2 - 4*t + 8. Let x be r(u). Calculate the highest common factor of x and 16.
16
Let u = -7 + 15. What is the highest common factor of u and 88?
8
Let c(v) = -v - 12. Let u be c(0). Let r be (216/(-20))/(u/40). What is the greatest common divisor of 252 and r?
36
Suppose -25*b = -20*b - 400. What is the greatest common divisor of 16 and b?
16
Let f = 4 + -2. Suppose -f*u - 6 = -4*u - 2*b, -2*u + 3*b - 14 = 0. Let i = u + 5. What is the highest common factor of i and 4?
4
Let j = 9 - 7. Suppose k + 5 = -2*s + 30, 3*s + j*k = 36. What is the greatest common factor of s and 42?
14
Suppose -9*u = -5*u - 12. Calculate the greatest common divisor of 33 and u.
3
Suppose -y = 5*l - 31, 0 = 2*y + 2*l + l - 48. Let j be 84 + (1 + -3 - -2). Calculate the greatest common divisor of y and j.
21
Let i(t) = t**3 - 8*t**2 - 20*t - 28. Let q be i(12). Calculate the greatest common factor of q and 28.
28
Let b = 8 - 10. Let c be 75*(b - 21/(-9)). What is the greatest common divisor of c and 5?
5
Let v = -6 + 8. Suppose j - 57 = -v*j. What is the highest common factor of 152 and j?
19
Suppose -2*s = s - 99. Suppose 0*n + 2*n - 6 = 0. What is the greatest common factor of n and s?
3
Suppose -3*t - 19 - 2 = 0. Let b = 13 + t. Calculate the greatest common divisor of 6 and b.
6
Let j = -1 + 6. Let w = 11 - j. Let m(g) = g**2 - 3*g + 6. Let h be m(w). Calculate the highest common divisor of h and 36.
12
Let c = -24 - -40. Let f(u) = 16*u + 32. Let o be f(9). Calculate the greatest common factor of c and o.
16
Suppose d = -2*d + 6. Suppose 2*l - d*j = -j, 0 = -j + 4. Suppose l*b + 5*i - 5 - 4 = 0, 5*b = -i + 80. What is the greatest common divisor of 153 and b?
17
Suppose -3*g = -32 - 16. Let l(q) = 6*q**2 + q + 1. Let w be l(-1). Suppose w*m - 4 = 4*m. What is the greatest common divisor of m and g?
2
Suppose 2*x - 30 = -u - x, -2*u - 2*x + 64 = 0. Suppose -5*y = -3*y + 4*j + 10, -5*y + 27 = -3*j. Calculate the highest common divisor of y and u.
3
Let x(j) = -j**3 + 6*j**2 - 4*j - 3. Let w be x(5). Suppose 332 = w*d - 5*k, 6*d + 2*k - 888 = d. What is the greatest common factor of 22 and d?
22
Let j = -7 + 11. Let b = j - -18. Suppose -2*d - 4*m + 1 = -1, -3*d = m - 28. What is the greatest common factor of d and b?
11
Let h(g) = 12*g**2 - g + 1. Let r be h(1). Let q = -26 + 38. What is the greatest common divisor of q and r?
12
Let j be (-13)/39 - 164/(-6). Calculate the highest common divisor of 18 and j.
9
Suppose 4*i = 12, -i = -3*q - 2*i + 33. Let z = 45 - q. What is the highest common factor of 7 and z?
7
Let y(s) = -s**2 + 14*s - 34. Let f be y(10). Let w = -6 + 0. Let k = -4 - w. What is the highest common factor of f and k?
2
Let v(j) = j**2 - 4*j + 7. Let o be v(3). Suppose 3*p = o*p - 21. Calculate the highest common divisor of p and 7.
7
Let q = -1 - 2. Let g be -2 + 3 + (14 - q). What is the greatest common factor of g and 90?
18
Let h(f) = 17*f + 4. Let q be h(3). Let s be 552/21 - 4/14. Suppose -5*y + k + s = 0, 4*y + 4*k + 0*k - 16 = 0. What is the greatest common divisor of y and q?
5
Let o(t) = t**2 - t + 14. Let k = -2 - -2. Let z(u) = u**3 + u**2 + u. Let y be z(k). Let b be o(y). Calculate the highest common factor of b and 2.
2
Suppose v = -2*q + 24, 4*v - 24 = -2*q + 2*v. Calculate the greatest common factor of q and 36.
12
Let q = 154 - 56. Calculate the highest common factor of 14 and q.
14
Suppose 4*f - 10 = 14. Suppose 4*k + 4*z - 28 = 0, 2*k - z + 0 = 2. What is the highest common factor of k and f?
3
Let v be ((-140)/3)/(56/(-84)). What is the greatest common factor of 14 and v?
14
Let w(g) = 1 + 3*g**2 + g - 4*g - g**2. Suppose 4*q - 4 = 5*y - 14, 2*q + 6 = 3*y. Let l be w(y). Calculate the highest common factor of l and 1.
1
Let s be ((-165)/9)/(2/(-6)). Calculate the highest common divisor of 22 and s.
11
Let v = -85 - -160. Let i(b) = b**3 + 6*b**2 + 3. Let r be i(-3). What is the highest common factor of r and v?
15
Suppose i + 75 = 5*z, 5*z + 2*i = -0*i + 75. Calculate the highest common divisor of z and 3.
3
Suppose -3*v - 11*v + 2100 = 0. Let w = 5 - -10. Calculate the greatest common 